 by x?
13
Suppose 21*m = 23*m - 14. Suppose 5*q - 3*c = 2*c + 45, -2*c = -2. Calculate the remainder when q is divided by m.
3
Let x = -30 + 64. Suppose 4*k + 8 = 4*b + 3*k, b + 3*k = 15. Suppose -22 = -4*g + b*t + 2, -3*g - t + 31 = 0. Calculate the remainder when x is divided by g.
7
Let p = 14 - 11. Let z = p - -3. Let v(r) = r - 1. What is the remainder when 6 is divided by v(z)?
1
Suppose -3*y + 0*m + 60 = -2*m, 4*y - m = 75. Let v be -2 + (15 - 3) - -2. Suppose v*o + 14 = 14*o. Calculate the remainder when y is divided by o.
4
Suppose -275 + 10 = -5*n. Let v = 69 - n. What is the remainder when v is divided by 6?
4
What is the remainder when ((-1)/(-3))/(((-15)/(-153))/5) is divided by 9?
8
Calculate the remainder when 8/12*(-1 - (-454)/4) is divided by 7.
5
Suppose 3*z + 42 = 2*d - z, -z - 68 = -3*d. Suppose 2*c = -2*a + a + d, -14 = -2*a + 4*c. Let b = 0 + a. What is the remainder when b is divided by 9?
6
Suppose 0 = -9*m + 4*m + 30. Let d be 40/(-15)*18/24. Calculate the remainder when (-14)/d*(9 - 8) is divided by m.
1
Suppose -5*r + 3*a + 54 = 0, r - 5*a + 70 = 6*r. Let y(t) = 3*t + 2. Calculate the remainder when y(r) is divided by 21.
17
Calculate the remainder when 166 is divided by ((-27)/12)/((-45)/1020).
13
Suppose -7*b + 20 - 6 = 0. Suppose b*l - 4*r = 6, l - 5*r = 4 - 1. Suppose d = -4*q + 179, 5*q - q = l*d + 167. What is the remainder when q is divided by 16?
12
Suppose 36 = 3*q + 3*z - 12, 4*q - 64 = 3*z. Let m = -5890 + 5951. What is the remainder when m is divided by q?
13
Suppose 2*z - q - 3*q - 460 = 0, q + 4 = 0. What is the remainder when z/(-8)*(-4)/3 is divided by 13?
11
Suppose -38*y = -31*y - 826. Calculate the remainder when y is divided by -1 + -3 - (-11)/(55/170).
28
Let v(q) = -q**3 + 12*q**2 + 4*q + 10. Let c be v(9). Suppose 2*s = 77 - c. Let t = 1 - s. What is the remainder when t is divided by 27?
26
Suppose 85 - 13 = 9*k. Suppose k*p - 4 = 36. Calculate the remainder when 7 is divided by p.
2
Suppose 259*z = 255*z + 116. What is the remainder when z is divided by 15?
14
Let w = 6 - 16. Let q(r) = -5*r + 39. Calculate the remainder when q(w) is divided by 15.
14
Let v = -121 + 127. Let n(x) = 38*x**2 - x. Calculate the remainder when n(1) is divided by ((-1)/(-3))/(v/(-234))*-1.
11
Let b(d) = d**2 - 4*d + 77. Let j be b(0). Suppose -h - j = -y - 2*y, h = -5*y + 115. What is the remainder when y is divided by 14?
10
Let s(h) = -h**3 + 6*h**2 + 9*h - 6. Let a = 138 - 127. Suppose 56 = 3*d + a. What is the remainder when d is divided by s(7)?
7
Let m = 42 + -36. Suppose 2*l = -5*s + 73, 5*s + m*l - 70 = l. What is the remainder when s is divided by 4?
3
Let o = -1163 - -1260. What is the remainder when o is divided by 29?
10
Suppose -5*z - v - 112 = -648, -4*z + 432 = 4*v. Calculate the remainder when z is divided by 58.
49
Let i = -393 - -400. What is the remainder when 90 is divided by i?
6
Suppose -236*i = -235*i - 58. What is the remainder when 811 is divided by i?
57
Let z be (-2)/(-8) - 2462/(-8). Suppose z + 57 = 5*p. What is the remainder when p is divided by 19?
16
Let t(d) = d - 6. Let a be t(6). Suppose -l + 2*p + p = -71, a = l - p - 79. Calculate the remainder when l is divided by 14.
13
Let x(p) = p + 10. Let h be x(-6). Suppose -m - 33 = -2*d - 3*d, 2*d - 22 = -h*m. What is the remainder when 16 is divided by d?
2
Let u(s) = -s + 6. Let p = 31 + 58. What is the remainder when p is divided by u(-7)?
11
Suppose -15*d = -17*d + 134. Suppose -r + d = -0*r. Suppose 0 = 3*w + 5*s - r, -5*s + s + 62 = 3*w. What is the remainder when 52 is divided by w?
10
What is the remainder when 102 is divided by (-56)/(-532) - (-416)/19?
14
Let y = 7221 - 7215. Suppose 4*c - 16 = -2*z, -5*z + 7 = -2*c + c. Suppose 2*a - 32 - z = 0. Calculate the remainder when a is divided by y.
5
Let f(d) = d**2 + 7*d + 5. Let w be f(-7). Suppose -x - w*x = -18. Calculate the remainder when 11 is divided by x.
2
What is the remainder when 247 is divided by 2 + (1 - 5) + (-75)/(-3)?
17
Let c(f) = 2*f**2 + 10*f + 18. What is the remainder when 55 is divided by c(-3)?
1
Let z = -391 - -468. What is the remainder when z is divided by ((-78)/9)/(2/(-3))?
12
Suppose -4*w = k + 40, -2*w + w = -5*k - 116. Let p = k - -26. Calculate the remainder when 14 is divided by p.
0
Suppose 0 = -6*p + 245 + 181. Suppose 4 = 2*k - 4*u - 6, -10 = -k + u. Calculate the remainder when p is divided by k.
11
Suppose k + 0*k = -3*j - 39, -3*k + 5*j - 159 = 0. Let y = k - -54. Calculate the remainder when 7 is divided by y.
1
Let s(x) = x + 22. What is the remainder when 6 is divided by s(-21)?
0
Suppose -u = 0, 0*u + 20 = n - 4*u. Suppose -4*r - w - 18 = -6*w, -5*r - n = -5*w. Let p = 13 + r. What is the remainder when 32 is divided by p?
10
Let g be (-18)/12*1*-84*1. Suppose g = 7*z - 0*z. Calculate the remainder when 46 is divided by z.
10
What is the remainder when 35 is divided by -6 + (4 - 56/(-4))?
11
Suppose 0 = 3*o + 2*w - 636 + 180, -o + 5*w + 152 = 0. What is the remainder when o is divided by 42?
26
What is the remainder when 34 is divided by 0 + 0 + (-9 - -16) + 5?
10
Calculate the remainder when 101 is divided by (-24)/(-28) - 1974/(-98).
17
Let f = 88 + -58. Suppose f = 3*n - 0. Suppose -2*c + 42 = -n. What is the remainder when c is divided by 7?
5
Let g(c) = 13*c**2 - 4*c - 3. Let i(q) = -q - 24. Let r(z) = z + 24. Let a(h) = 3*i(h) + 4*r(h). Calculate the remainder when g(-2) is divided by a(-9).
12
Suppose -o = -5*c - 360, 5*o + 8*c - 1884 = 12*c. What is the remainder when o is divided by 130?
120
Let l(a) = -a**3 + 13*a**2 + 10*a - 250. Let m = 6 - -48. Calculate the remainder when m is divided by l(12).
12
Let k = -214 - -394. What is the remainder when k is divided by 38?
28
Let d = -2025 + 3717. What is the remainder when d is divided by 16?
12
Suppose 70 + 68 = 4*f + 2*g, 0 = f - 2*g - 32. Suppose 3*k + 6 = s, 41 = 3*s + s + 5*k. What is the remainder when f is divided by s?
7
Let p(c) = 23*c - 5. Let d be p(3). Suppose -4*x = -4 - d. What is the remainder when 115 is divided by x?
13
Suppose 5*h = u + 39, -9*h + 5*h - 2*u = -34. Calculate the remainder when h is divided by (6/(-5))/((-4)/10).
2
Suppose -2*l - 3*l + m + 579 = 0, 0 = 4*l + m - 456. Let w(c) = 2*c**2 - 11. Suppose 0 = -i - 56 + 61. Calculate the remainder when l is divided by w(i).
37
Let v(h) be the third derivative of -31*h**4/12 + h**3/3 + 14*h**2. What is the remainder when v(-1) is divided by 22?
20
Let q = 0 + 9. Let u = -2906 + 2957. Calculate the remainder when u is divided by q.
6
Suppose -5*x + 4*i = -0*x - 885, -3*x - i + 531 = 0. What is the remainder when x is divided by 10?
7
Let q(a) = 18*a + 20. Calculate the remainder when q(0) is divided by 12.
8
Let c = 357 + -254. Let o = c - 51. What is the remainder when o is divided by 9?
7
Let y(f) = f**3 + 2*f**2 - f + 49. Calculate the remainder when 155 is divided by y(0).
8
Let y(n) = n**3 - 19*n**2 - 42*n + 8. Calculate the remainder when 0 + 5/((-5)/(-19)) is divided by y(21).
3
Calculate the remainder when 78/52 + 209/2 is divided by 6.
4
Let h be (4/(-18) - (-10)/45) + -4. Calculate the remainder when 4 is divided by (-2)/h + (-2)/16*-28.
0
Suppose 58*w + 7307 = 18327. Calculate the remainder when w is divided by 40.
30
Let o = 12 - -2. What is the remainder when 12 is divided by (-6)/o + (-24)/(-7)?
0
Suppose -t = -4, x - 2*t - 7 = 2*t. Calculate the remainder when 109*(1 + (-3)/6)*2 is divided by x.
17
Suppose 0 = 5*j + 4*o - 249, 4*j = o + 3*o + 192. Calculate the remainder when j is divided by 5/((-100)/15) - (-645)/60.
9
Suppose -5 = v - 1. Let p be 10/v*(-11 + 7). Let k = -1 + p. What is the remainder when 25 is divided by k?
7
Suppose -u + 2*u + 322 = 5*s, -2 = u. Let t = -31 + 53. What is the remainder when s is divided by t?
20
Let h = 21 + -19. Let w = 15 - h. Calculate the remainder when 51 is divided by w.
12
Let b(l) = -3*l + l**2 + 3 + 0*l + 3*l - l. Let a be b(5). Suppose 0*h + h = a. What is the remainder when 45 is divided by h?
22
Suppose -135 = -166*b + 163*b. Calculate the remainder when 224 is divided by b.
44
Let q = -2784 - -2818. Suppose o = 2*h + 9, -5*h + 6 = -o - 0*o. Calculate the remainder when q is divided by o.
15
Let w(b) = -b + 8. Suppose l - 15 = 2*n, 4*l - 6*l